What is the units digit of p/(1 - (3 - 0))?
7
Let p be 38*2/(-2 - -4). Let t = -25 + p. What is the units digit of t?
3
Suppose -l = -3*l. Let c(d) = -d**3 + 2*d**2 + 4*d - 2. Let k be c(3). Let u = k + l. What is the units digit of u?
1
Suppose 5*x + 10 = 2*j - 6, 0 = -4*x + 5*j - 6. What is the units digit of ((-8)/6)/(x/6)?
2
Let n(g) = -2*g - 11. Let x = -15 - -7. Let m be n(x). Suppose -9 = -m*b + 36. What is the units digit of b?
9
Let a be (-1584)/(-42) + (-4)/(-14). Suppose 2*u + 2*u = 0. Suppose z - 4*m - 1 = 0, u*z = 4*z + m - a. What is the units digit of z?
9
Suppose 0 = 4*c - f - 490, 379 = 3*c + 5*f - 0*f. What is the hundreds digit of c?
1
Let a = -11 + 18. Let v = 10 - a. Suppose -v*k = u - 0 - 1, -u = 5*k - 3. What is the units digit of k?
1
What is the tens digit of 326/6 - 6/18?
5
Let b = -2 - -34. What is the tens digit of b?
3
Suppose m + 2*x = 4, 2*m + 0*m + 19 = 5*x. Let g = 2 + m. Suppose g = -5*h - 2 + 7. What is the units digit of h?
1
Let u = 59 + -99. Let k = -14 - u. What is the units digit of -15*(-3 - k/(-10))?
6
Suppose -4*i + 2 = -2*l, -5*i - 4*l - 4 = -2*i. Let x = 5 + -3. Let w = i + x. What is the units digit of w?
2
Let k = 3 - -2. Let x = 3 + -2. Let h = x + k. What is the units digit of h?
6
Let y(v) = v**3 - 8*v**2 + v - 6. Let m be y(8). Let w(l) = l**2 + 3*l - 3. Let o be w(-5). Let j = m + o. What is the units digit of j?
9
Suppose 0 = w + p, 8*p + 4 = -3*w + 4*p. Suppose 5*x + 1 = -w, x + 7 = 3*v. Suppose v*y - 4*y + 6 = 0. What is the units digit of y?
3
Let b(d) = -26*d - 4. What is the tens digit of b(-2)?
4
Suppose 4*q + 4*d - 1265 = 3*d, 2*d + 6 = 0. What is the units digit of q?
7
Let i = -30 - -96. What is the tens digit of i?
6
Let q(f) = f - 1. What is the units digit of q(10)?
9
Let m be 1/(-5) - (-22566)/30. What is the units digit of (-6)/33 + m/22?
4
Let z be (-2)/(-8) - (-330)/(-8). Let n = -25 - z. What is the units digit of n?
6
Suppose 0 = 4*l - 25 - 3. Suppose -2*c + l*c = 0. Suppose c = 4*i + i - 35. What is the units digit of i?
7
Let b(d) = 17*d**3 - 2*d**2 + 1. Let p be b(1). Suppose 4*o + 4 - p = 0. What is the units digit of o?
3
Suppose 0 = 2*l + 5*v - 127, -5*l + 370 = -0*l + 2*v. What is the tens digit of l?
7
Let l(c) = 4*c + 2. Suppose -44 = -5*f - 14. What is the tens digit of l(f)?
2
Let h(f) = -f**3 - 6*f**2 + 8*f - 1. Let d be h(-7). What is the units digit of 1 + -1 - (-11 + d)?
9
Let m = 0 - -3. What is the units digit of m?
3
Let d(w) = -3*w + 8. What is the units digit of d(-7)?
9
What is the tens digit of (-4 - 64/10)/((-4)/10)?
2
Suppose 2*h = 4*j + 2, -3*j + h + 31 = 6*h. Suppose p = -3*k + 19, 3*k = -j*k - 3*p + 37. Suppose k*v = -g + 20, -v + 4 = -g - g. What is the units digit of v?
4
Let a = 36 - 63. Let n = a - -58. What is the units digit of n?
1
Let l(s) = s**3 - 3*s**2 - 6*s - 5. Let f be l(5). What is the units digit of (-1 - f)/(0 - 2)?
8
Let z(o) = -3*o - 1. Let f be z(-1). Suppose -2*x + 16 = f*x. Suppose 22 = x*d - 2*d. What is the units digit of d?
1
Suppose -3*a - m + 0*m + 23 = 0, 0 = -2*m - 8. What is the units digit of (a/6)/((-9)/(-132))?
2
What is the tens digit of (1 - (-4)/(-20))/((-2)/(-45))?
1
Let s be 10/6 - 4/6. What is the units digit of 1/2*18*s?
9
Suppose 0 = -4*f + 52 + 120. Suppose -5*x - f = -3*t, 2*x - 20 = -4*t + 46. What is the units digit of t?
6
Let v(p) = p**2 + 6*p - 10. Let b be v(-7). Let u(f) = f**2 + f + 2. What is the units digit of u(b)?
8
Let f(z) = -z**2 + z + 3. Let h = 13 + -13. What is the units digit of f(h)?
3
Let r(t) = t - 4. Let g be r(4). What is the units digit of (1 - g) + -3 + 17?
5
Let b(g) = g + 2. Suppose 15 = -3*u + s, 5*u + 30 = -5*s + 5. Let v be b(u). What is the units digit of -11*3/v - 2?
9
Suppose 2*q = q - 5*x + 11, -5*q = 2*x - 55. Suppose -4*g = -q + 31. Let z = 3 - g. What is the units digit of z?
8
Suppose a = -2*a - b + 155, 5*a + 4*b = 256. What is the tens digit of a?
5
Suppose -53 = -3*h + 61. Suppose -3*j - 5*w = -j - h, 0 = j + 4*w - 22. What is the units digit of j?
4
Let r = -83 + 167. What is the units digit of r?
4
Let m(i) = i**3 - 4*i**2 - 3*i - 1. What is the units digit of m(5)?
9
Let b(s) = -41*s + 1. What is the units digit of b(-1)?
2
Let s(h) = -2*h + 1 - 3 + 0. Let m be s(-3). Suppose -5*v = 4*b - 17, -19 = -m*v - 3*b - 2*b. What is the units digit of v?
1
Suppose v + 4*z - 124 = 0, -v - 3*z + 43 = -81. What is the units digit of v?
4
Let c(z) be the second derivative of -z**3/2 - 3*z**2/2 - 3*z. What is the units digit of c(-6)?
5
Let c be 5 + (-2)/(-1 - 1). Let w = 11 + c. What is the tens digit of w?
1
Let c(u) = -u**3 + 7*u**2 + 5*u - 10. What is the units digit of c(7)?
5
Let z be 28/6*(-6)/(-2). Let h be (36/45)/(2/(-20)). Let r = h + z. What is the units digit of r?
6
Let q = 12 + 4. What is the tens digit of q?
1
Let v(z) = -3*z - 1. Let j be v(-1). Let o be 23/(-2) + j/(-4). What is the units digit of o/(-3) + -2 + 2?
4
Suppose 2*g = -f + 11 + 6, 2*f + 6 = 4*g. What is the units digit of f?
7
Let h(n) = -n**2 + 4*n - 1. Let d be h(3). Let u = d + 11. What is the units digit of u?
3
Suppose -5*x + 5*u + 25 = 0, x + 5*u = -0*x - 1. Suppose -r + 29 = -x*q + 2*r, -11 = q + 3*r. What is the units digit of (q/(-6))/(2/3)?
2
Let a be ((-3 - -2)*-1)/1. Let h = a - -5. Suppose g - h = -2. What is the units digit of g?
4
Let t = 23 + -14. What is the units digit of t?
9
Let y be (-6)/9*(-18)/4. What is the units digit of -1 + (-33)/(-9)*y?
0
Suppose -2*h = -23 - 61. What is the tens digit of h?
4
Let n(l) = -11*l**3 - 2*l - 1. Let v be n(-1). What is the units digit of (v/(-4) - 0) + 6?
3
Suppose o - 6*o = 0. Suppose -146 = -5*s - t, o = -3*s - 0*t + t + 94. Suppose s = -0*m + 3*m - 3*d, m - 3*d = 12. What is the units digit of m?
9
Let s be (3 - 70/(-2)) + -3. Suppose 4*u + s = 5*u. What is the units digit of u?
5
Suppose -41 - 9 = -5*w. Suppose c + 10 = 4*s + 2*c, 0 = 5*c + w. Suppose -2*n + 4*i - 31 = -5*n, -5 = s*n - 5*i. What is the units digit of n?
5
Let z be 1/(-2)*2 - 271. What is the tens digit of z/(-24)*(-3)/(-2)?
1
Let r(k) = -5*k + 3. Let j be r(-6). Let y = j - 23. What is the tens digit of y?
1
Let g(n) = 10*n + 2. Suppose 12 = 8*y - 4*y. What is the tens digit of g(y)?
3
Let k = 16 - 11. Suppose -k*r = 2*w - 2, 3*w = -4*r + 3*r + 3. Suppose -c + 3*c - 18 = r. What is the units digit of c?
9
Let w(b) be the first derivative of b**4/4 + 5*b**3/3 + b**2 - 1. Suppose 4 = 2*o + 12. What is the units digit of w(o)?
8
What is the tens digit of (-3)/(-4 - (-142)/36)?
5
Suppose k + 15 = -3*j + 2*k, 5*k - 19 = j. What is the units digit of (-12 - j)*(-1)/2?
4
Suppose 0 = -3*v + 4*k + 51, 4*v + 0*k - 49 = -k. What is the units digit of (2 + 2)/(-2) + v?
1
Let v(d) = -d**2 - d + 12. Let b be v(-4). Suppose 0 = y - b*y - 48. What is the units digit of y?
8
Let z be 87/(-2) + (-3)/2. Let j = z - -70. What is the units digit of j?
5
Suppose 16 = 4*n + 44. Suppose i - 5*i = -96. Let g = n + i. What is the tens digit of g?
1
Suppose -2*q + 3*f = -6, 7 - 1 = 5*q - 3*f. Suppose 42 - 9 = 4*h - b, -h + 3*b = q. What is the units digit of h?
9
Let n be (-25)/(-3) - (-5)/(-15). Let j = 22 - n. What is the units digit of j?
4
Let s(m) = 3*m**2 + 4*m - 5. What is the units digit of s(-4)?
7
Suppose 2*i = -3*w + 22, 2*i - 10 = -w + 4. What is the units digit of w?
4
Let f(g) be the second derivative of g**2 + 0 - 1/6*g**3 + 2*g. What is the units digit of f(-6)?
8
Let m(g) = g**2 - 5*g - 3. Let z be m(6). Suppose -z*q - q = -180. What is the tens digit of q?
4
Let q be (-44)/(-7) + (-10)/35. Let j be ((-16)/(-6))/(q/18). Suppose w + j = 5*f + 2, -w + 3 = -2*f. What is the units digit of w?
9
What is the hundreds digit of (-1)/(-4 - (-2700)/676)?
1
Let x(n) = n**2 - n + 4. Suppose 3*k = 4*a + 34, 3*a = 4*k - 6 - 30. What is the tens digit of x(k)?
3
Suppose -p - 20 + 180 = 0. What is the hundreds digit of p?
1
Suppose t = -t + 118. What is the tens digit of t?
5
Suppose 65 = t - 68. What is the units digit of t?
3
Let v = -5 - 17. Let d = v - -26. What is the units digit of d?
4
What is the units digit of 1/(188/(-64) - -3)?
6
Suppose -7*n + 162 = -4*n. Let v = n - 34. What is the tens digit of v?
2
Suppose -u = 5*v - 147, -4*v + 6*v = 5*u - 600. What is the units digit of u?